{"id":1116,"date":"2019-10-29T10:49:00","date_gmt":"2019-10-29T10:49:00","guid":{"rendered":"http:\/\/www.tanx.fr\/shopping\/mon-compte\/"},"modified":"2019-10-29T10:49:00","modified_gmt":"2019-10-29T10:49:00","slug":"mon-compte","status":"publish","type":"page","link":"https:\/\/www.tanx.fr\/shopping\/mon-compte\/","title":{"rendered":"Mon compte"},"content":{"rendered":"<div class=\"woocommerce\"><\/div>\n","protected":false},"excerpt":{"rendered":"","protected":false},"author":1,"featured_media":0,"parent":0,"menu_order":0,"comment_status":"closed","ping_status":"closed","template":"","meta":{"jetpack_post_was_ever_published":false,"footnotes":""},"class_list":["post-1116","page","type-page","status-publish","hentry"],"jetpack_sharing_enabled":true,"jetpack_shortlink":"https:\/\/wp.me\/PgwqQL-i0","jetpack-related-posts":[{"id":576,"url":"https:\/\/www.tanx.fr\/shopping\/merci\/","url_meta":{"origin":1116,"position":0},"title":"Merci !","author":"TANX","date":"ao\u00fbt 23, 2018","format":false,"excerpt":"\u00a0 Votre commande a bien \u00e9t\u00e9 prise en compte. Elle sera prochainement exp\u00e9di\u00e9e, Je me rends en g\u00e9n\u00e9ral 1 ou 2 fois par semaine \u00e0 la poste selon le volume des envois. merci d'\u00eatre patientE ! \u00a0 \u00a0","rel":"","context":"Article similaire","block_context":{"text":"Article similaire","link":""},"img":{"alt_text":"","src":"https:\/\/i0.wp.com\/www.tanx.fr\/shopping\/wp-content\/uploads\/pageMerci-1.jpg?resize=350%2C200","width":350,"height":200},"classes":[]},{"id":612,"url":"https:\/\/www.tanx.fr\/shopping\/informations-paiement-et-frais-de-port\/","url_meta":{"origin":1116,"position":1},"title":"INFORMATIONS PAIEMENT ET FRAIS DE PORT","author":"TANX","date":"ao\u00fbt 24, 2018","format":false,"excerpt":"\u00a0 Les envois de grand format (qui n\u00e9cessitent un emballage plus grand) sont envoy\u00e9s par Mondial Relay pour la france (et l'europe quand c'est possible, selon les pays), vous recevrez un email une fois votre commande pass\u00e9e pour choisir votre point relais. Les gravures et zines sont envoy\u00e9s en tarif\u2026","rel":"","context":"Article similaire","block_context":{"text":"Article similaire","link":""},"img":{"alt_text":"","src":"","width":0,"height":0},"classes":[]}],"_links":{"self":[{"href":"https:\/\/www.tanx.fr\/shopping\/wp-json\/wp\/v2\/pages\/1116","targetHints":{"allow":["GET"]}}],"collection":[{"href":"https:\/\/www.tanx.fr\/shopping\/wp-json\/wp\/v2\/pages"}],"about":[{"href":"https:\/\/www.tanx.fr\/shopping\/wp-json\/wp\/v2\/types\/page"}],"author":[{"embeddable":true,"href":"https:\/\/www.tanx.fr\/shopping\/wp-json\/wp\/v2\/users\/1"}],"replies":[{"embeddable":true,"href":"https:\/\/www.tanx.fr\/shopping\/wp-json\/wp\/v2\/comments?post=1116"}],"version-history":[{"count":0,"href":"https:\/\/www.tanx.fr\/shopping\/wp-json\/wp\/v2\/pages\/1116\/revisions"}],"wp:attachment":[{"href":"https:\/\/www.tanx.fr\/shopping\/wp-json\/wp\/v2\/media?parent=1116"}],"curies":[{"name":"wp","href":"https:\/\/api.w.org\/{rel}","templated":true}]}}