{"id":1140,"date":"2019-10-29T11:50:24","date_gmt":"2019-10-29T11:50:24","guid":{"rendered":"http:\/\/www.tanx.fr\/shopping\/?post_type=product&#038;p=1140"},"modified":"2025-11-22T05:58:14","modified_gmt":"2025-11-22T05:58:14","slug":"et-nous-aussi-nous-serons-meres-car","status":"publish","type":"product","link":"https:\/\/www.tanx.fr\/shopping\/produit\/et-nous-aussi-nous-serons-meres-car\/","title":{"rendered":"et nous aussi nous serons m\u00e8res, car&#8230;&#8230;."},"content":{"rendered":"<figure id=\"attachment_232\" aria-describedby=\"caption-attachment-232\" style=\"width: 272px\" class=\"wp-caption alignnone\"><img loading=\"lazy\" decoding=\"async\" class=\"size-medium wp-image-232\" src=\"http:\/\/www.tanx.fr\/shopping\/wp-content\/uploads\/2018\/08\/GRAVURES\/TAILLE EPARGNE\/20180315-lequeu1-272x300.jpg\" alt=\"\" width=\"272\" height=\"300\" srcset=\"https:\/\/www.tanx.fr\/shopping\/wp-content\/uploads\/2018\/08\/GRAVURES\/TAILLE%20EPARGNE\/20180315-lequeu1-272x300.jpg 272w, https:\/\/www.tanx.fr\/shopping\/wp-content\/uploads\/2018\/08\/GRAVURES\/TAILLE%20EPARGNE\/20180315-lequeu1-416x459.jpg 416w, https:\/\/www.tanx.fr\/shopping\/wp-content\/uploads\/2018\/08\/GRAVURES\/TAILLE%20EPARGNE\/20180315-lequeu1.jpg 718w\" sizes=\"auto, (max-width: 272px) 100vw, 272px\" \/><figcaption id=\"caption-attachment-232\" class=\"wp-caption-text\">J-J. Lequeu<\/figcaption><\/figure>\n","protected":false},"excerpt":{"rendered":"<p><strong>Remise en main propre (merci de <a href=\"http:\/\/www.tanx.fr\/shopping\/bloug\/contact\" target=\"_blank\" rel=\"noopener\">m\u2019\u00e9crire<\/a> avant de passer la commande) ou envoi par mondial relay. Dans le cas de l\u2019envoi, merci de r\u00e9pondre \u00e0 l\u2019email envoy\u00e9 apr\u00e8s commande pour choisi un point relai de r\u00e9ception.<\/strong><br \/>\nd\u2019apr\u00e8s un dessin de J-J Lequeu<br \/>\nGravure sur bois de tilleul japonais<br \/>\nEncres offset sur papier Hahnem\u00fclhe 150gr<br \/>\nenviron 26,5\u00d736,5 cm (papier)<br \/>\n20 ex num\u00e9rot\u00e9s et sign\u00e9s<\/p>\n","protected":false},"featured_media":232,"template":"","meta":{"jetpack_post_was_ever_published":false},"product_brand":[],"product_cat":[130,129],"product_tag":[143,202,203,142,175,204],"class_list":{"0":"post-1140","1":"product","2":"type-product","3":"status-publish","4":"has-post-thumbnail","6":"product_cat-gravure","7":"product_cat-taille-depargne","8":"product_tag-gravure","9":"product_tag-gravure-sur-bois","10":"product_tag-lequeu","11":"product_tag-noir-et-blanc","12":"product_tag-portrait","13":"product_tag-sein","14":"product_shipping_class-500gr","16":"first","17":"instock","18":"shipping-taxable","19":"purchasable","20":"product-type-simple"},"jetpack_sharing_enabled":true,"jetpack-related-posts":[{"id":1134,"url":"https:\/\/www.tanx.fr\/shopping\/produit\/la-lutte\/","url_meta":{"origin":1140,"position":0},"title":"la Lutte","author":"TANX","date":"octobre 29, 2019","format":false,"excerpt":"Remise en main propre (merci de m\u2019\u00e9crire avant de passer la commande) ou envoi par mondial relay. Dans le cas de l\u2019envoi, merci de r\u00e9pondre \u00e0 l\u2019email envoy\u00e9 apr\u00e8s commande pour choisi un point relai de r\u00e9ception. linogravure encre offset sur papier Fabriano Rosaspina 220gr blanc. 35x50cm (papier) tirage de\u2026","rel":"","context":"Article similaire","block_context":{"text":"Article similaire","link":""},"img":{"alt_text":"","src":"https:\/\/i0.wp.com\/www.tanx.fr\/shopping\/wp-content\/uploads\/2018\/08\/GRAVURES\/TAILLE%20EPARGNE\/20180621-lutte.jpg?resize=350%2C200&ssl=1","width":350,"height":200,"srcset":"https:\/\/i0.wp.com\/www.tanx.fr\/shopping\/wp-content\/uploads\/2018\/08\/GRAVURES\/TAILLE%20EPARGNE\/20180621-lutte.jpg?resize=350%2C200&ssl=1 1x, https:\/\/i0.wp.com\/www.tanx.fr\/shopping\/wp-content\/uploads\/2018\/08\/GRAVURES\/TAILLE%20EPARGNE\/20180621-lutte.jpg?resize=525%2C300&ssl=1 1.5x, https:\/\/i0.wp.com\/www.tanx.fr\/shopping\/wp-content\/uploads\/2018\/08\/GRAVURES\/TAILLE%20EPARGNE\/20180621-lutte.jpg?resize=700%2C400&ssl=1 2x"},"classes":[]},{"id":8087,"url":"https:\/\/www.tanx.fr\/shopping\/produit\/minutemen-original\/","url_meta":{"origin":1140,"position":1},"title":"Minutemen \/ original","author":"TANX","date":"ao\u00fbt 18, 2025","format":false,"excerpt":"dessin original au crayon sur papier Fabriano Rosaspina cr\u00e8me 25x35cm sign\u00e9 remise en main propre possible sur Paris, merci de me contacter avant de passer commande \u00e0 tanxxx(at)riseup.net","rel":"","context":"Article similaire","block_context":{"text":"Article similaire","link":""},"img":{"alt_text":"","src":"https:\/\/i0.wp.com\/www.tanx.fr\/shopping\/wp-content\/uploads\/20250818_minutemen1.jpg?resize=350%2C200&ssl=1","width":350,"height":200,"srcset":"https:\/\/i0.wp.com\/www.tanx.fr\/shopping\/wp-content\/uploads\/20250818_minutemen1.jpg?resize=350%2C200&ssl=1 1x, https:\/\/i0.wp.com\/www.tanx.fr\/shopping\/wp-content\/uploads\/20250818_minutemen1.jpg?resize=525%2C300&ssl=1 1.5x, https:\/\/i0.wp.com\/www.tanx.fr\/shopping\/wp-content\/uploads\/20250818_minutemen1.jpg?resize=700%2C400&ssl=1 2x"},"classes":[]},{"id":8068,"url":"https:\/\/www.tanx.fr\/shopping\/produit\/lutteurs-original\/","url_meta":{"origin":1140,"position":2},"title":"lutteurs original","author":"TANX","date":"juillet 16, 2025","format":false,"excerpt":"Dessin original au crayon sur papier de vieux cahier. sign\u00e9. Format 24,5x31,5cm envoy\u00e9 au choix en recommand\u00e9 ou possibilit\u00e9 de remise en main propre sur Paris selon mes disponibilit\u00e9s, contact \u00e0 tanxxx(at)riseup.net. merci de me contacter avant de passer commande ici pour la remise en main propre.","rel":"","context":"Article similaire","block_context":{"text":"Article similaire","link":""},"img":{"alt_text":"","src":"https:\/\/i0.wp.com\/www.tanx.fr\/shopping\/wp-content\/uploads\/20250716_lutteurs1.jpg?resize=350%2C200&ssl=1","width":350,"height":200,"srcset":"https:\/\/i0.wp.com\/www.tanx.fr\/shopping\/wp-content\/uploads\/20250716_lutteurs1.jpg?resize=350%2C200&ssl=1 1x, https:\/\/i0.wp.com\/www.tanx.fr\/shopping\/wp-content\/uploads\/20250716_lutteurs1.jpg?resize=525%2C300&ssl=1 1.5x, https:\/\/i0.wp.com\/www.tanx.fr\/shopping\/wp-content\/uploads\/20250716_lutteurs1.jpg?resize=700%2C400&ssl=1 2x"},"classes":[]},{"id":4553,"url":"https:\/\/www.tanx.fr\/shopping\/produit\/marvin\/","url_meta":{"origin":1140,"position":3},"title":"Marvin","author":"TANX","date":"mars 8, 2020","format":false,"excerpt":"le carton fait 45x32cm, pour l\u2019\u00e9chelle original, encre de chine sur papier dessin pour une affiche de concert s\u00e9rigraphi\u00e9e attention, remise en main propre uniquement, sur Paris. La demande de coordonn\u00e9es est pour mes paperasses et aucun envoi ne sera effectu\u00e9 pour ce produit. Si vous souhaitez le payer en\u2026","rel":"","context":"Article similaire","block_context":{"text":"Article similaire","link":""},"img":{"alt_text":"","src":"https:\/\/i0.wp.com\/www.tanx.fr\/shopping\/wp-content\/uploads\/13.jpg?resize=350%2C200&ssl=1","width":350,"height":200,"srcset":"https:\/\/i0.wp.com\/www.tanx.fr\/shopping\/wp-content\/uploads\/13.jpg?resize=350%2C200&ssl=1 1x, https:\/\/i0.wp.com\/www.tanx.fr\/shopping\/wp-content\/uploads\/13.jpg?resize=525%2C300&ssl=1 1.5x, https:\/\/i0.wp.com\/www.tanx.fr\/shopping\/wp-content\/uploads\/13.jpg?resize=700%2C400&ssl=1 2x"},"classes":[]},{"id":4554,"url":"https:\/\/www.tanx.fr\/shopping\/produit\/keelhaul\/","url_meta":{"origin":1140,"position":4},"title":"Keelhaul","author":"TANX","date":"mars 8, 2020","format":false,"excerpt":"le carton fait 45x32cm, pour l\u2019\u00e9chelle original, encre de chine sur papier dessin pour une affiche s\u00e9rigraphi\u00e9e de Keelhaul attention, remise en main propre uniquement, sur Paris. La demande de coordonn\u00e9es est pour mes paperasses et aucun envoi ne sera effectu\u00e9 pour ce produit. Si vous souhaitez le payer en\u2026","rel":"","context":"Article similaire","block_context":{"text":"Article similaire","link":""},"img":{"alt_text":"","src":"https:\/\/i0.wp.com\/www.tanx.fr\/shopping\/wp-content\/uploads\/12.jpg?resize=350%2C200&ssl=1","width":350,"height":200,"srcset":"https:\/\/i0.wp.com\/www.tanx.fr\/shopping\/wp-content\/uploads\/12.jpg?resize=350%2C200&ssl=1 1x, https:\/\/i0.wp.com\/www.tanx.fr\/shopping\/wp-content\/uploads\/12.jpg?resize=525%2C300&ssl=1 1.5x, https:\/\/i0.wp.com\/www.tanx.fr\/shopping\/wp-content\/uploads\/12.jpg?resize=700%2C400&ssl=1 2x"},"classes":[]},{"id":4557,"url":"https:\/\/www.tanx.fr\/shopping\/produit\/monsterpress\/","url_meta":{"origin":1140,"position":5},"title":"Monsterpress","author":"TANX","date":"mars 8, 2020","format":false,"excerpt":"le carton fait 45x32cm, pour l\u2019\u00e9chelle original, encre de chine sur papier dessin pour un t.shirt s\u00e9rigraphi\u00e9 attention, remise en main propre uniquement, sur Paris. La demande de coordonn\u00e9es est pour mes paperasses et aucun envoi ne sera effectu\u00e9 pour ce produit. Si vous souhaitez le payer en liquide c'est\u2026","rel":"","context":"Article similaire","block_context":{"text":"Article similaire","link":""},"img":{"alt_text":"","src":"https:\/\/i0.wp.com\/www.tanx.fr\/shopping\/wp-content\/uploads\/07.jpg?resize=350%2C200&ssl=1","width":350,"height":200,"srcset":"https:\/\/i0.wp.com\/www.tanx.fr\/shopping\/wp-content\/uploads\/07.jpg?resize=350%2C200&ssl=1 1x, https:\/\/i0.wp.com\/www.tanx.fr\/shopping\/wp-content\/uploads\/07.jpg?resize=525%2C300&ssl=1 1.5x, https:\/\/i0.wp.com\/www.tanx.fr\/shopping\/wp-content\/uploads\/07.jpg?resize=700%2C400&ssl=1 2x"},"classes":[]}],"_links":{"self":[{"href":"https:\/\/www.tanx.fr\/shopping\/wp-json\/wp\/v2\/product\/1140","targetHints":{"allow":["GET"]}}],"collection":[{"href":"https:\/\/www.tanx.fr\/shopping\/wp-json\/wp\/v2\/product"}],"about":[{"href":"https:\/\/www.tanx.fr\/shopping\/wp-json\/wp\/v2\/types\/product"}],"wp:featuredmedia":[{"embeddable":true,"href":"https:\/\/www.tanx.fr\/shopping\/wp-json\/wp\/v2\/media\/232"}],"wp:attachment":[{"href":"https:\/\/www.tanx.fr\/shopping\/wp-json\/wp\/v2\/media?parent=1140"}],"wp:term":[{"taxonomy":"product_brand","embeddable":true,"href":"https:\/\/www.tanx.fr\/shopping\/wp-json\/wp\/v2\/product_brand?post=1140"},{"taxonomy":"product_cat","embeddable":true,"href":"https:\/\/www.tanx.fr\/shopping\/wp-json\/wp\/v2\/product_cat?post=1140"},{"taxonomy":"product_tag","embeddable":true,"href":"https:\/\/www.tanx.fr\/shopping\/wp-json\/wp\/v2\/product_tag?post=1140"}],"curies":[{"name":"wp","href":"https:\/\/api.w.org\/{rel}","templated":true}]}}