{"id":6131,"date":"2023-02-03T14:26:30","date_gmt":"2023-02-03T14:26:30","guid":{"rendered":"http:\/\/www.tanx.fr\/shopping\/?post_type=product&#038;p=6131"},"modified":"2025-08-19T06:04:08","modified_gmt":"2025-08-19T06:04:08","slug":"demon-bite","status":"publish","type":"product","link":"https:\/\/www.tanx.fr\/shopping\/produit\/demon-bite\/","title":{"rendered":"d\u00e9mon"},"content":{"rendered":"","protected":false},"excerpt":{"rendered":"<p>linogravure 3 couleurs dont 2 en r\u00e9duction, encres typos sur papier fabriano cr\u00e8me. environ A5, plus ou moins.<br \/>\n21 ex num\u00e9rot\u00e9s et sign\u00e9s comme chez les vrais professionnels de la profession de l&rsquo;artisanat de fronce.<\/p>\n","protected":false},"featured_media":6132,"template":"","meta":{"jetpack_post_was_ever_published":false},"product_brand":[],"product_cat":[130,221],"product_tag":[],"class_list":{"0":"post-6131","1":"product","2":"type-product","3":"status-publish","4":"has-post-thumbnail","6":"product_cat-gravure","7":"product_cat-petit-format","9":"first","10":"instock","11":"shipping-taxable","12":"purchasable","13":"product-type-simple"},"jetpack_sharing_enabled":true,"jetpack-related-posts":[],"_links":{"self":[{"href":"https:\/\/www.tanx.fr\/shopping\/wp-json\/wp\/v2\/product\/6131","targetHints":{"allow":["GET"]}}],"collection":[{"href":"https:\/\/www.tanx.fr\/shopping\/wp-json\/wp\/v2\/product"}],"about":[{"href":"https:\/\/www.tanx.fr\/shopping\/wp-json\/wp\/v2\/types\/product"}],"wp:featuredmedia":[{"embeddable":true,"href":"https:\/\/www.tanx.fr\/shopping\/wp-json\/wp\/v2\/media\/6132"}],"wp:attachment":[{"href":"https:\/\/www.tanx.fr\/shopping\/wp-json\/wp\/v2\/media?parent=6131"}],"wp:term":[{"taxonomy":"product_brand","embeddable":true,"href":"https:\/\/www.tanx.fr\/shopping\/wp-json\/wp\/v2\/product_brand?post=6131"},{"taxonomy":"product_cat","embeddable":true,"href":"https:\/\/www.tanx.fr\/shopping\/wp-json\/wp\/v2\/product_cat?post=6131"},{"taxonomy":"product_tag","embeddable":true,"href":"https:\/\/www.tanx.fr\/shopping\/wp-json\/wp\/v2\/product_tag?post=6131"}],"curies":[{"name":"wp","href":"https:\/\/api.w.org\/{rel}","templated":true}]}}