{"id":7064,"date":"2024-04-14T11:15:58","date_gmt":"2024-04-14T11:15:58","guid":{"rendered":"http:\/\/www.tanx.fr\/shopping\/?post_type=product&#038;p=7064"},"modified":"2026-02-21T08:04:31","modified_gmt":"2026-02-21T08:04:31","slug":"infokiosque","status":"publish","type":"product","link":"https:\/\/www.tanx.fr\/shopping\/produit\/infokiosque\/","title":{"rendered":"\u00cfNF\u00d6KI\u00d6SQ\u00dc\u00cb"},"content":{"rendered":"","protected":false},"excerpt":{"rendered":"<p>pochettes de minizines p\u00e9dagogiques et pratiques<br \/>\n+ un sticker &lsquo;ferme ta gueule et mets de l&rsquo;eurodance\u00a0\u00bb<\/p>\n","protected":false},"featured_media":7065,"template":"","meta":{"jetpack_post_was_ever_published":false},"product_brand":[],"product_cat":[256],"product_tag":[],"class_list":{"0":"post-7064","1":"product","2":"type-product","3":"status-publish","4":"has-post-thumbnail","6":"product_cat-bazar_vip","7":"product_shipping_class-20gr","9":"first","10":"instock","11":"shipping-taxable","12":"purchasable","13":"product-type-simple"},"jetpack_sharing_enabled":true,"jetpack-related-posts":[{"id":7655,"url":"https:\/\/www.tanx.fr\/shopping\/produit\/badge-dartiste\/","url_meta":{"origin":7064,"position":0},"title":"Badge d&rsquo;artiste","author":"TANX","date":"septembre 13, 2024","format":false,"excerpt":"badge 25mm avec Philthy Animal qui gueule qu'on est des fucking artists et qu'on est sensitive as shit","rel":"","context":"Article similaire","block_context":{"text":"Article similaire","link":""},"img":{"alt_text":"","src":"https:\/\/i0.wp.com\/www.tanx.fr\/shopping\/wp-content\/uploads\/20240913_badgefilthy.jpg?resize=350%2C200&ssl=1","width":350,"height":200,"srcset":"https:\/\/i0.wp.com\/www.tanx.fr\/shopping\/wp-content\/uploads\/20240913_badgefilthy.jpg?resize=350%2C200&ssl=1 1x, https:\/\/i0.wp.com\/www.tanx.fr\/shopping\/wp-content\/uploads\/20240913_badgefilthy.jpg?resize=525%2C300&ssl=1 1.5x, https:\/\/i0.wp.com\/www.tanx.fr\/shopping\/wp-content\/uploads\/20240913_badgefilthy.jpg?resize=700%2C400&ssl=1 2x"},"classes":[]},{"id":7656,"url":"https:\/\/www.tanx.fr\/shopping\/produit\/badge-badge\/","url_meta":{"origin":7064,"position":1},"title":"badge B\u00c4DG\u00cb","author":"TANX","date":"septembre 13, 2024","format":false,"excerpt":"Badge 25mm pour les fans de premier degr\u00e9. Livr\u00e9 en pochette avec mode d'emploi","rel":"","context":"Article similaire","block_context":{"text":"Article similaire","link":""},"img":{"alt_text":"","src":"https:\/\/i0.wp.com\/www.tanx.fr\/shopping\/wp-content\/uploads\/20240913_badgebadge.jpg?resize=350%2C200&ssl=1","width":350,"height":200,"srcset":"https:\/\/i0.wp.com\/www.tanx.fr\/shopping\/wp-content\/uploads\/20240913_badgebadge.jpg?resize=350%2C200&ssl=1 1x, https:\/\/i0.wp.com\/www.tanx.fr\/shopping\/wp-content\/uploads\/20240913_badgebadge.jpg?resize=525%2C300&ssl=1 1.5x, https:\/\/i0.wp.com\/www.tanx.fr\/shopping\/wp-content\/uploads\/20240913_badgebadge.jpg?resize=700%2C400&ssl=1 2x"},"classes":[]},{"id":7056,"url":"https:\/\/www.tanx.fr\/shopping\/produit\/oh-my-god-theres-no-penis-on-that\/","url_meta":{"origin":7064,"position":2},"title":"OH MY GOD ! there&rsquo;s no penis on that !","author":"TANX","date":"avril 14, 2024","format":false,"excerpt":"Martin Sorrondeguy appreciation pack : 2 badges 32mm avec Martin Sorrondeguy dessus \u00a0 \u00a0 \u00a0 \u00a0 \u00a0","rel":"","context":"Article similaire","block_context":{"text":"Article similaire","link":""},"img":{"alt_text":"","src":"https:\/\/i0.wp.com\/www.tanx.fr\/shopping\/wp-content\/uploads\/20231021_sorrondeguy.jpg?resize=350%2C200&ssl=1","width":350,"height":200,"srcset":"https:\/\/i0.wp.com\/www.tanx.fr\/shopping\/wp-content\/uploads\/20231021_sorrondeguy.jpg?resize=350%2C200&ssl=1 1x, https:\/\/i0.wp.com\/www.tanx.fr\/shopping\/wp-content\/uploads\/20231021_sorrondeguy.jpg?resize=525%2C300&ssl=1 1.5x, https:\/\/i0.wp.com\/www.tanx.fr\/shopping\/wp-content\/uploads\/20231021_sorrondeguy.jpg?resize=700%2C400&ssl=1 2x, https:\/\/i0.wp.com\/www.tanx.fr\/shopping\/wp-content\/uploads\/20231021_sorrondeguy.jpg?resize=1050%2C600&ssl=1 3x, https:\/\/i0.wp.com\/www.tanx.fr\/shopping\/wp-content\/uploads\/20231021_sorrondeguy.jpg?resize=1400%2C800&ssl=1 4x"},"classes":[]}],"_links":{"self":[{"href":"https:\/\/www.tanx.fr\/shopping\/wp-json\/wp\/v2\/product\/7064","targetHints":{"allow":["GET"]}}],"collection":[{"href":"https:\/\/www.tanx.fr\/shopping\/wp-json\/wp\/v2\/product"}],"about":[{"href":"https:\/\/www.tanx.fr\/shopping\/wp-json\/wp\/v2\/types\/product"}],"wp:featuredmedia":[{"embeddable":true,"href":"https:\/\/www.tanx.fr\/shopping\/wp-json\/wp\/v2\/media\/7065"}],"wp:attachment":[{"href":"https:\/\/www.tanx.fr\/shopping\/wp-json\/wp\/v2\/media?parent=7064"}],"wp:term":[{"taxonomy":"product_brand","embeddable":true,"href":"https:\/\/www.tanx.fr\/shopping\/wp-json\/wp\/v2\/product_brand?post=7064"},{"taxonomy":"product_cat","embeddable":true,"href":"https:\/\/www.tanx.fr\/shopping\/wp-json\/wp\/v2\/product_cat?post=7064"},{"taxonomy":"product_tag","embeddable":true,"href":"https:\/\/www.tanx.fr\/shopping\/wp-json\/wp\/v2\/product_tag?post=7064"}],"curies":[{"name":"wp","href":"https:\/\/api.w.org\/{rel}","templated":true}]}}